 - 46. Suppose -155 = -3*m - 5*l, -66 = -3*m + l + 119. Let x = m - h. List the prime factors of x.
2, 3
Let x(s) = -2*s**3 + 6*s**2 + 4*s + 6. Let g be (5 - (-4 - -7 - -1)) + -5. List the prime factors of x(g).
2, 107
Let k = 1 - 4. Let b be -2 + (3 + k)/4. List the prime factors of 1 - -4 - (-186 + b).
193
Let p(v) = -v**2 + 100*v - 898. Let w be p(10). Let d = 1 - 111. List the prime factors of 22/d + (w - 1272/(-10)).
3, 43
Suppose -38 = -a - w - 3*w, -3*a + 94 = 2*w. Suppose -6*k = -0*k + a. What are the prime factors of (54/k*-1)/(12/60)?
2, 3
Suppose -29 - 17 = -23*l. What are the prime factors of 4/l + (771 - 8) + -3?
2, 3, 127
Let t = 1 - 1. Suppose 5*s + s + 2*s = t. What are the prime factors of (2 + s)*1/(2/59)?
59
Suppose 0 = -68*v - 6*v + 160802. What are the prime factors of v?
41, 53
Suppose 0 = 4*g + 4, -5*j - 3*g + 1 + 1 = 0. Let b be (836/99 + 4/(-9))/(-3 + 1). What are the prime factors of (j*-2)/(b/80) - 4?
2, 3
Suppose 2*x + 6 = 0, 0 = -5*o + 5*x - x + 37. Suppose o*u - 1454 = c, 0*c - 3*c - 1462 = -5*u. List the prime factors of u.
2, 5, 29
Let i be 0 + 4 + (8 - 4). What are the prime factors of (-8556)/(-279)*30/i?
5, 23
Suppose -4*z + 48082 = 316*k - 314*k, 2*k = z - 12008. List the prime factors of z.
2, 3, 2003
Let d = -6118 + 6630. What are the prime factors of d?
2
Let r be (0 - 0)/(2/1 + -3). Suppose r = 2*j + 3*j + 3*z - 16, -5*z = -3*j + 30. Suppose -3*y = 2*l - 0*l - 388, -j*l = -25. List the prime factors of y.
2, 3, 7
Suppose 2*z = -2*w + 18862, -21186 = -4*w - 5*z + 16540. What are the prime factors of w?
3, 7, 449
Suppose 0 = -10*w - 189 + 8129. Suppose 5*r - 4*u - w = 4*r, r = 5*u + 794. What are the prime factors of r?
2, 397
Let t = 31 + 37. Suppose g + 5*i = 6*i - 20, -3*i - t = 5*g. What are the prime factors of (-404)/g - (-3)/(-12)?
5
Let w(t) = -106*t**3 - t**2 + 325*t + 645. List the prime factors of w(-2).
839
Suppose 20*b - b - 5928 = 0. Suppose -442 = -13*y + b. What are the prime factors of y?
2, 29
Let b be (-14)/(-7)*14/(-4). Let m be (-1)/((-4 - b)/165). What are the prime factors of (-188)/(-10) + (-11)/m?
19
Suppose 0 = -4*t + 5*g + 28, 4*t + 0*g = g + 12. Suppose 21 + 1 = t*u - 3*o, o + 55 = 5*u. What are the prime factors of u?
11
Let b = -30692 + 55963. What are the prime factors of b?
37, 683
Suppose 11*l - 17*l = -162. Suppose 15 = -6*x + l. Let r(w) = 31*w**3 - 4*w**2 - 3*w + 3. What are the prime factors of r(x)?
229
Let y(j) = 0 + 7 - 21*j - 5 + 8. Let k be y(6). Let u = k - -179. What are the prime factors of u?
3, 7
Let i(l) = 12*l - 45. Let x be i(3). List the prime factors of (-516)/x - (-4)/(-12).
3, 19
Let t = 2035 - 628. What are the prime factors of t?
3, 7, 67
Suppose -785370 = -273*i + 446952. What are the prime factors of i?
2, 37, 61
Suppose 31511 = c - 3*m, -5*c + 5*m - 62967 = -7*c. What are the prime factors of c/48 + -9 - 2/12?
647
Let k be (-10)/65 + (2 - 12718/(-26)). Suppose z + p = -2*p + k, -p - 507 = -z. What are the prime factors of z?
503
Let i(u) be the first derivative of -4*u**2 - 4 + 4*u + 2*u**3 + 1/4*u**4. List the prime factors of i(-7).
11
Let k = -63 - -67. Suppose k = -2*q - 0. What are the prime factors of ((-14)/21)/(q/39)?
13
Let c = 881 - 1541. Let n = 1060 + c. What are the prime factors of n?
2, 5
List the prime factors of (-2)/((-2 - -2 - 2)/(53075 - -42)).
53117
List the prime factors of (322450/(-250))/(7/(-140)).
2, 6449
Let k be (-11)/(-9) + -1 - 208/(-36). Let n(p) = p**3 - 6*p**2 - 9*p + 8. Let a be n(k). Let o = 10 - a. List the prime factors of o.
2, 7
Let g(w) = 9*w**2 - 2*w + 7*w - 6*w**2 + 11 - 4*w**2. Let j be g(0). Suppose -j*i = -8*i - 558. What are the prime factors of i?
2, 3, 31
Let s be (-2)/(-1*35/10)*56. List the prime factors of ((-5320)/s)/5*-24.
2, 3, 7, 19
Let j(z) = 12*z**3 - 6*z**2 + 10*z + 4. Let r(t) = -11*t**3 + 6*t**2 - 11*t - 4. Let l(s) = 5*j(s) + 4*r(s). List the prime factors of l(3).
2, 5
Let u = -10358 - -29046. What are the prime factors of u?
2, 73
Let x be ((-348)/(-8))/(6/64). Let c = x - 930. Let z = c - -717. List the prime factors of z.
251
Let g(c) = -c**3 - 18*c**2 - 11*c - 12. Let w be (2 - 1)/(1 - 40/38). List the prime factors of g(w).
2, 3, 31
Let q(l) = -55 + 36*l - 84 + 66*l - 14*l. What are the prime factors of q(4)?
3, 71
Suppose w + 5 = 0, 3*h - 588 - 32 = 4*w. Suppose 0 = -49*b + 5 + 191. Suppose 4*f + g = 5*g + h, b*f - 218 = -5*g. List the prime factors of f.
2, 13
What are the prime factors of 4 + (-96028)/(-20) + 196/(-490)?
5, 31
Let c(i) = i**3 + 15*i**2 + 6*i + 21. Let x(y) = y**3 + 15*y**2 + 6*y + 22. Let p(q) = -4*c(q) + 5*x(q). List the prime factors of p(-8).
2, 3, 71
Let p(t) = -t**3 - 56*t**2 + 133*t + 60. What are the prime factors of p(-59)?
2, 83
Let o = 5315 + 5337. List the prime factors of o.
2, 2663
Suppose -1508 = z + 3*h - 6*h, 4*z + 6032 = 3*h. Let n = z + 2800. What are the prime factors of n?
2, 17, 19
Let v(c) = -51*c - 9. Let d(z) = -26*z - 4. Let p(y) = -14*d(y) + 6*v(y). What are the prime factors of p(11)?
2, 5
Let f(r) = -r**3 + 104. Let z = -35 + -3. Let x = z - -38. What are the prime factors of f(x)?
2, 13
Suppose 0 = -4*w + 6*r + 244630, 2*r - 391984 = -4*w - 147346. What are the prime factors of w?
7, 8737
List the prime factors of (-1)/(3/((-158436)/18)).
2, 3, 163
Let p be ((-56)/49)/(2/(-7)). Suppose c - 5 = -3*k + p, -k = -3*c - 3. What are the prime factors of 64/k - 3/9?
3, 7
Suppose 0 = -g - v - 90, 0*g + 189 = -2*g - 5*v. Let q = g + 96. Suppose 32 = -q*y + 698. List the prime factors of y.
2, 37
Suppose 8062 = 3*r + 5*j - 732, -5846 = -2*r + 5*j. Suppose -r = 19*t - 27*t. What are the prime factors of t?
2, 3, 61
Let h(l) = 2*l**2 - 5*l + 11. Let j be h(4). Suppose 4*r + j = 5*v - 242, 10 = -2*r. Let n = 91 - v. List the prime factors of n.
2, 3, 7
Suppose 5*o + 4*n = 29, -3*o + n + 13 = -n. Let m be (-42712)/(-80) - 1/(-10). Suppose -m + 149 = -o*v. What are the prime factors of v?
7, 11
Suppose 30369 + 55804 = 14*y + 21437. List the prime factors of y.
2, 17
Suppose 0 = -t + 4, -i + t + 4977 = -294. What are the prime factors of i?
5, 211
Let c be 82*(45/(-2))/(-3). Suppose 9*n - 4074 = 516. Suppose -n - c = -9*l. What are the prime factors of l?
5
Let f be (145/(-7) - -4) + 6/(-21). Let a = f - -366. What are the prime factors of a?
349
Let i(z) = 81*z - 126. Let v be i(3). Suppose 324 = -3*j - j. Let k = j + v. List the prime factors of k.
2, 3
Let u = 5438 + -3014. Suppose -7*s + s + u = 0. List the prime factors of s.
2, 101
Let d be ((0 - 2) + 0)/(4 + -5). Suppose 3*k = -4*l + 20 + 15, 3*l - 27 = -2*k. Suppose d*s + 1890 = l*s. List the prime factors of s.
2, 3, 5, 7
Suppose -3*k + 1194 = -q - 1712, 0 = -4*k + q + 3873. Suppose -3*o + k = 5*h - 595, 2*h = 2*o - 1068. List the prime factors of o.
23
Suppose 3*n - 2*t = 5, 2*n - 4 = -t + 2*t. Suppose 2*g - 64 = -n*v + 29, -5*v = -4*g - 155. Let a = v + -8. What are the prime factors of a?
23
Suppose y - 3*h = 15164, -32 = 9*h - 13*h. What are the prime factors of y?
2, 3797
Suppose 383 + 185 = -8*f. List the prime factors of (-70 - f)/((-1)/(-405)).
3, 5
Let q(h) = h**3 + 37*h**2 - 73*h + 73. Let p be q(-30). Suppose 0 = 29*f - 25818 + p. What are the prime factors of f?
5, 7, 17
Suppose -113*g = -236220 - 114193. What are the prime factors of g?
7, 443
Let n = 1802 - -20502. List the prime factors of n.
2, 17, 41
What are the prime factors of -2*((-2525)/4 + (-1)/4)?
3, 421
Let i be ((-24)/(-9))/(2/15). Suppose -23*m + i*m = 24. Let w = m + 82. List the prime factors of w.
2, 37
Let j = -96 - -158. What are the prime factors of (30*10/(-40))/((-1)/j)?
3, 5, 31
Let t(m) = 51*m**3 + 5*m**2 - 6*m + 4. Let u(k) = 53*k**3 + 6*k**2 - 7*k + 5. Let w(i) = -6*t(i) + 5*u(i). List the prime factors of w(-2).
3, 109
Let t(c) = c - 7. Let v be t(10). Let z be (7 - v)*29/4. Suppose -l = -2*l + z. List the prime factors of l.
29
Let y(l) = 197*l**2 - 138*l - 653. What are the prime factors of y(-5)?
2, 3, 827
Let y be (-4)/(-6)*(-45)/(-15). Suppose y*s - 146 = -5*c, -5*c + 131 = 3*s - 83. Suppose -8*j + 12*j - s = 0. List the prime factors of j.
17
Let p be 2/(-9) - -518*3/(-54). Let m = -25 - p. Suppose -m*g + 222 = 2. What are the prime factors of g?
5, 11
Suppose h + 1136 = 2*w, 0 = 6*w - 8*w -